ors of 3661.
7, 523
List the prime factors of 4254.
2, 3, 709
What are the prime factors of 27193?
71, 383
List the prime factors of 31888.
2, 1993
What are the prime factors of 68642?
2, 7, 4903
List the prime factors of 996.
2, 3, 83
What are the prime factors of 587?
587
What are the prime factors of 10768?
2, 673
What are the prime factors of 92694?
2, 3, 7, 2207
What are the prime factors of 103407?
3, 34469
What are the prime factors of 256?
2
List the prime factors of 2184.
2, 3, 7, 13
What are the prime factors of 466?
2, 233
List the prime factors of 2632.
2, 7, 47
List the prime factors of 1206.
2, 3, 67
What are the prime factors of 147002?
2, 31, 2371
List the prime factors of 6933.
3, 2311
What are the prime factors of 93517?
17, 5501
List the prime factors of 16170.
2, 3, 5, 7, 11
List the prime factors of 6746.
2, 3373
What are the prime factors of 14745?
3, 5, 983
What are the prime factors of 4542?
2, 3, 757
What are the prime factors of 2240?
2, 5, 7
What are the prime factors of 20460?
2, 3, 5, 11, 31
What are the prime factors of 1324?
2, 331
What are the prime factors of 3905?
5, 11, 71
List the prime factors of 82239.
3, 79, 347
What are the prime factors of 174?
2, 3, 29
List the prime factors of 17350.
2, 5, 347
List the prime factors of 1581.
3, 17, 31
List the prime factors of 106710.
2, 3, 5, 3557
List the prime factors of 2859.
3, 953
List the prime factors of 136620.
2, 3, 5, 11, 23
What are the prime factors of 1873?
1873
What are the prime factors of 1672?
2, 11, 19
What are the prime factors of 7920?
2, 3, 5, 11
What are the prime factors of 141795?
3, 5, 23, 137
List the prime factors of 37395.
3, 5, 277
List the prime factors of 812.
2, 7, 29
What are the prime factors of 3624?
2, 3, 151
What are the prime factors of 49660?
2, 5, 13, 191
List the prime factors of 1033.
1033
What are the prime factors of 7914?
2, 3, 1319
What are the prime factors of 127529?
127529
What are the prime factors of 37335?
3, 5, 19, 131
What are the prime factors of 808?
2, 101
What are the prime factors of 14849?
31, 479
List the prime factors of 1713.
3, 571
What are the prime factors of 7129?
7129
What are the prime factors of 12396?
2, 3, 1033
What are the prime factors of 15961?
11, 1451
List the prime factors of 1426.
2, 23, 31
What are the prime factors of 1476?
2, 3, 41
List the prime factors of 13374.
2, 3, 743
List the prime factors of 2996.
2, 7, 107
List the prime factors of 71618.
2, 35809
List the prime factors of 2500.
2, 5
List the prime factors of 1481.
1481
What are the prime factors of 14619?
3, 11, 443
What are the prime factors of 39735?
3, 5, 883
List the prime factors of 903.
3, 7, 43
List the prime factors of 460.
2, 5, 23
List the prime factors of 73839.
3, 151, 163
What are the prime factors of 1641?
3, 547
List the prime factors of 45377.
45377
What are the prime factors of 567?
3, 7
What are the prime factors of 6227?
13, 479
List the prime factors of 7719.
3, 31, 83
List the prime factors of 3079.
3079
What are the prime factors of 1459?
1459
What are the prime factors of 1641?
3, 547
What are the prime factors of 6153?
3, 7, 293
What are the prime factors of 6949?
6949
What are the prime factors of 53878?
2, 11, 31, 79
List the prime factors of 1584.
2, 3, 11
List the prime factors of 2559.
3, 853
List the prime factors of 1781.
13, 137
List the prime factors of 738.
2, 3, 41
List the prime factors of 1035.
3, 5, 23
What are the prime factors of 2689?
2689
List the prime factors of 1907.
1907
What are the prime factors of 400?
2, 5
List the prime factors of 727.
727
List the prime factors of 1579.
1579
List the prime factors of 64905.
3, 5, 4327
List the prime factors of 660.
2, 3, 5, 11
List the prime factors of 5408.
2, 13
What are the prime factors of 30617?
17, 1801
What are the prime factors of 12561?
3, 53, 79
List the prime factors of 54751.
54751
What are the prime factors of 960?
2, 3, 5
What are the prime factors of 691?
691
List the prime factors of 8263.
8263
List the prime factors of 598.
2, 13, 23
List the prime factors of 475.
5, 19
What are the prime factors of 163920?
2, 3, 5, 683
List the prime factors of 31043.
37, 839
What are the prime factors of 20651?
107, 193
What are the prime factors of 2553?
3, 23, 37
What are the prime factors of 290?
2, 5, 29
What are the prime factors of 2185?
5, 19, 23
What are the prime factors of 593?
593
List the prime factors of 93047.
93047
What are the prime factors of 120778?
2, 7, 8627
What are the prime factors of 66208?
2, 2069
What are the prime factors of 1351?
7, 193
List the prime factors of 3225.
3, 5, 43
List the prime factors of 49722.
2, 3, 8287
What are the prime factors of 21890?
2, 5, 11, 199
List the prime factors of 966.
2, 3, 7, 23
List the prime factors of 60581.
29, 2089
What are the prime factors of 62190?
2, 3, 5, 691
What are the prime factors of 156745?
5, 23, 29, 47
List the prime factors of 212.
2, 53
What are the prime factors of 1742?
2, 13, 67
What are the prime factors of 49037?
49037
What are the prime factors of 107276?
2, 13, 2063
List the prime factors of 20981.
20981
What are the prime factors of 6137?
17, 19
List the prime factors of 24617.
103, 239
List the prime factors of 12743.
12743
List the prime factors of 1953.
3, 7, 31
List the prime factors of 8732.
2, 37, 59
List the prime factors of 4345.
5, 11, 79
List the prime factors of 63973.
7, 13, 19, 37
List the prime factors of 17520.
2, 3, 5, 73
List the prime factors of 12231.
3, 151
List the prime factors of 1089.
3, 11
List the prime factors of 46755.
3, 5, 1039
List the prime factors of 3457.
3457
List the prime factors of 2269.
2269
What are the prime factors of 3?
3
What are the prime factors of 13003?
13003
List the prime factors of 18638.
2, 9319
List the prime factors of 110.
2, 5, 11
List the prime factors of 140850.
2, 3, 5, 313
List the prime factors of 194.
2, 97
List the prime factors of 105460.
2, 5, 5273
What are the prime factors of 657?
3, 73
List the prime factors of 5100.
2, 3, 5, 17
List the prime factors of 4921.
7, 19, 37
What are the prime factors of 149528?
2, 18691
List the prime factors of 29474.
2, 14737
List the prime factors of 1740.
2, 3, 5, 29
List the prime factors of 2527.
7, 19
What are the prime factors of 10759?
7, 29, 53
List the prime factors of 1697.
1697
List the prime factors of 3446.
2, 1723
List the prime factors of 1851.
3, 617
List the prime factors of 6647.
17, 23
List the prime factors of 11956.
2, 7, 61
List the prime factors of 34645.
5, 13, 41
List the prime factors of 52096.
2, 11, 37
What are the prime factors of 319?
11, 29
List the prime factors of 1064.
2, 7, 19
List the prime factors of 5116.
2, 1279
What are the prime factors of 5471?
5471
What are the prime factors of 562?
2, 281
What are the prime factors of 2554?
2, 1277
What are the prime factors of 4993?
4993
List the prime factors of 11117.
11117
What are the prime factors of 36959?
13, 2843
What are the prime factors of 6898?
2, 3449
List the prime factors of 2235.
3, 5, 149
What are the prime factors of 14559?
3, 23, 211
List the prime factors of 1474.
2, 11, 67
What are the prime factors of 1208?
2, 151
List the prime factors of 6949.
6949
What are the prime factors of 1870?
2, 5, 11, 17
What are the prime factors of 1709?
1709
What are the prime factors of 1212?
2, 3, 101
What are the prime factors of 11390?
2, 5, 17, 67
List the prime factors of 7185.
3, 5, 479
List the prime factors of 15486.
2, 3, 29, 89
What are the prime factors of 11342?
2, 53, 107
What are the prime factors of 27958?
2, 7, 1997
List the prime factors of 8603.
7, 1229
List the prime factors of 836.
2, 11, 19
What are the prime factors of 621?
3, 23
What are the prime factors of 6419?
7, 131
What are the prime factors of 270?
2, 3, 5
What are the prime factors of 70192?
2, 41, 107
What are the prime factors of 9819?
3, 1091
What are the prime factors of 7048?
2, 881
What are the prime factors of 1044?
2, 3, 29
List the prime factors of 104394.
2, 3, 127, 137
List the prime factors of 10538.
2, 11, 479
What are the prime factors of 4510?
2, 5, 11, 41
What are the prime factors of 3090?
2, 3, 5, 103
What are the prime factors of 175022?
2, 87511
List the prime factors 